{"id":45,"date":"2025-07-07T14:58:22","date_gmt":"2025-07-07T14:58:22","guid":{"rendered":"https:\/\/atelier-maya.org\/?page_id=45"},"modified":"2025-07-08T14:46:23","modified_gmt":"2025-07-08T14:46:23","slug":"les-vagues","status":"publish","type":"page","link":"https:\/\/atelier-maya.org\/?page_id=45","title":{"rendered":"Les vagues"},"content":{"rendered":"\t\t<div data-elementor-type=\"wp-page\" data-elementor-id=\"45\" class=\"elementor elementor-45\">\n\t\t\t\t<div class=\"elementor-element elementor-element-63231a2c e-flex e-con-boxed e-con e-parent\" data-id=\"63231a2c\" data-element_type=\"container\">\n\t\t\t\t\t<div class=\"e-con-inner\">\n\t\t<div class=\"elementor-element elementor-element-25831f12 e-con-full e-flex e-con e-child\" data-id=\"25831f12\" data-element_type=\"container\">\n\t\t\t\t<div class=\"elementor-element elementor-element-58513521 elementor-widget-mobile__width-initial elementor-widget elementor-widget-image\" data-id=\"58513521\" data-element_type=\"widget\" data-widget_type=\"image.default\">\n\t\t\t\t\t\t\t\t\t\t\t\t\t\t\t<img fetchpriority=\"high\" decoding=\"async\" width=\"800\" height=\"278\" src=\"https:\/\/atelier-maya.org\/wp-content\/uploads\/2025\/07\/Atelier-4-denoised_sharpened_upscaled_x3-1-1-1024x356.png\" class=\"attachment-large size-large wp-image-26\" alt=\"\" srcset=\"https:\/\/atelier-maya.org\/wp-content\/uploads\/2025\/07\/Atelier-4-denoised_sharpened_upscaled_x3-1-1-1024x356.png 1024w, https:\/\/atelier-maya.org\/wp-content\/uploads\/2025\/07\/Atelier-4-denoised_sharpened_upscaled_x3-1-1-300x104.png 300w, https:\/\/atelier-maya.org\/wp-content\/uploads\/2025\/07\/Atelier-4-denoised_sharpened_upscaled_x3-1-1-768x267.png 768w, https:\/\/atelier-maya.org\/wp-content\/uploads\/2025\/07\/Atelier-4-denoised_sharpened_upscaled_x3-1-1.png 1090w\" sizes=\"(max-width: 800px) 100vw, 800px\" \/>\t\t\t\t\t\t\t\t\t\t\t\t\t\t\t<\/div>\n\t\t\t\t<\/div>\n\t\t<div class=\"elementor-element elementor-element-aa4090a e-con-full e-flex e-con e-child\" data-id=\"aa4090a\" data-element_type=\"container\">\n\t\t\t\t<div class=\"elementor-element elementor-element-48686590 elementor-widget elementor-widget-ekit-nav-menu\" data-id=\"48686590\" data-element_type=\"widget\" data-widget_type=\"ekit-nav-menu.default\">\n\t\t\t\t<div class=\"elementor-widget-container\">\n\t\t\t\t\t\t\t<nav class=\"ekit-wid-con ekit_menu_responsive_tablet\" \n\t\t\tdata-hamburger-icon=\"\" \n\t\t\tdata-hamburger-icon-type=\"icon\" \n\t\t\tdata-responsive-breakpoint=\"1024\">\n\t\t\t            <button class=\"elementskit-menu-hamburger elementskit-menu-toggler\"  type=\"button\" aria-label=\"hamburger-icon\">\n                                    <span class=\"elementskit-menu-hamburger-icon\"><\/span><span class=\"elementskit-menu-hamburger-icon\"><\/span><span class=\"elementskit-menu-hamburger-icon\"><\/span>\n                            <\/button>\n            <div id=\"ekit-megamenu-main-menu\" class=\"elementskit-menu-container elementskit-menu-offcanvas-elements elementskit-navbar-nav-default ekit-nav-menu-one-page-no ekit-nav-dropdown-hover\"><ul id=\"menu-main-menu\" class=\"elementskit-navbar-nav elementskit-menu-po-center submenu-click-on-icon\"><li id=\"menu-item-30\" class=\"menu-item menu-item-type-post_type menu-item-object-page menu-item-home menu-item-30 nav-item elementskit-mobile-builder-content\" data-vertical-menu=750px><a href=\"https:\/\/atelier-maya.org\/\" class=\"ekit-menu-nav-link\">Accueil<\/a><\/li>\n<li id=\"menu-item-53\" class=\"menu-item menu-item-type-post_type menu-item-object-page menu-item-53 nav-item elementskit-mobile-builder-content\" data-vertical-menu=750px><a href=\"https:\/\/atelier-maya.org\/?page_id=51\" class=\"ekit-menu-nav-link\">Les stages<\/a><\/li>\n<li id=\"menu-item-54\" class=\"menu-item menu-item-type-post_type menu-item-object-page menu-item-54 nav-item elementskit-mobile-builder-content\" data-vertical-menu=750px><a href=\"https:\/\/atelier-maya.org\/?page_id=47\" class=\"ekit-menu-nav-link\">Mon parcours<\/a><\/li>\n<li id=\"menu-item-55\" class=\"menu-item menu-item-type-post_type menu-item-object-page menu-item-has-children menu-item-55 nav-item elementskit-dropdown-has relative_position elementskit-dropdown-menu-default_width elementskit-mobile-builder-content\" data-vertical-menu=750px><a href=\"https:\/\/atelier-maya.org\/?page_id=39\" class=\"ekit-menu-nav-link ekit-menu-dropdown-toggle\">Ma collection<i aria-hidden=\"true\" class=\"icon icon-down-arrow1 elementskit-submenu-indicator\"><\/i><\/a>\n<ul class=\"elementskit-dropdown elementskit-submenu-panel\">\n\t<li id=\"menu-item-59\" class=\"menu-item menu-item-type-post_type menu-item-object-page menu-item-59 nav-item elementskit-mobile-builder-content\" data-vertical-menu=750px><a href=\"https:\/\/atelier-maya.org\/?page_id=41\" class=\" dropdown-item\">Les rondes<\/a>\t<li id=\"menu-item-58\" class=\"menu-item menu-item-type-post_type menu-item-object-page menu-item-58 nav-item elementskit-mobile-builder-content\" data-vertical-menu=750px><a href=\"https:\/\/atelier-maya.org\/?page_id=43\" class=\" dropdown-item\">Les courbes<\/a>\t<li id=\"menu-item-57\" class=\"menu-item menu-item-type-post_type menu-item-object-page menu-item-57 nav-item elementskit-mobile-builder-content\" data-vertical-menu=750px><a href=\"https:\/\/atelier-maya.org\/?page_id=45\" class=\" dropdown-item\">Les vagues<\/a>\t<li id=\"menu-item-56\" class=\"menu-item menu-item-type-post_type menu-item-object-page menu-item-56 nav-item elementskit-mobile-builder-content\" data-vertical-menu=750px><a href=\"https:\/\/atelier-maya.org\/?page_id=49\" class=\" dropdown-item\">Le v\u00e9g\u00e9tal<\/a><\/ul>\n<\/li>\n<\/ul><div class=\"elementskit-nav-identity-panel\"><button class=\"elementskit-menu-close elementskit-menu-toggler\" type=\"button\">X<\/button><\/div><\/div>\t\t\t\n\t\t\t<div class=\"elementskit-menu-overlay elementskit-menu-offcanvas-elements elementskit-menu-toggler ekit-nav-menu--overlay\"><\/div>        <\/nav>\n\t\t\t\t\t\t<\/div>\n\t\t\t\t<\/div>\n\t\t\t\t<\/div>\n\t\t\t\t\t<\/div>\n\t\t\t\t<\/div>\n\t\t<div class=\"elementor-element elementor-element-5b6d614 e-flex e-con-boxed e-con e-parent\" data-id=\"5b6d614\" data-element_type=\"container\">\n\t\t\t\t\t<div class=\"e-con-inner\">\n\t\t\t\t<div class=\"elementor-element elementor-element-98e9dde elementor-widget elementor-widget-heading\" data-id=\"98e9dde\" data-element_type=\"widget\" data-widget_type=\"heading.default\">\n\t\t\t\t\t<h2 class=\"elementor-heading-title elementor-size-default\">Collection \"Vague \u00e0 l'\u00e2me\"<\/h2>\t\t\t\t<\/div>\n\t\t\t\t<div class=\"elementor-element elementor-element-4ba397e elementor-widget-divider--view-line_icon elementor-view-default elementor-widget-divider--element-align-center elementor-widget elementor-widget-divider\" data-id=\"4ba397e\" data-element_type=\"widget\" data-widget_type=\"divider.default\">\n\t\t\t\t\t\t\t<div class=\"elementor-divider\">\n\t\t\t<span class=\"elementor-divider-separator\">\n\t\t\t\t\t\t\t<div class=\"elementor-icon elementor-divider__element\">\n\t\t\t\t\t<svg aria-hidden=\"true\" class=\"e-font-icon-svg e-fas-wave-square\" viewBox=\"0 0 640 512\" xmlns=\"http:\/\/www.w3.org\/2000\/svg\"><path d=\"M476 480H324a36 36 0 0 1-36-36V96h-96v156a36 36 0 0 1-36 36H16a16 16 0 0 1-16-16v-32a16 16 0 0 1 16-16h112V68a36 36 0 0 1 36-36h152a36 36 0 0 1 36 36v348h96V260a36 36 0 0 1 36-36h140a16 16 0 0 1 16 16v32a16 16 0 0 1-16 16H512v156a36 36 0 0 1-36 36z\"><\/path><\/svg><\/div>\n\t\t\t\t\t\t<\/span>\n\t\t<\/div>\n\t\t\t\t\t\t<\/div>\n\t\t\t\t\t<\/div>\n\t\t\t\t<\/div>\n\t\t<div class=\"elementor-element elementor-element-21a99d8 e-con-full e-flex e-con e-parent\" data-id=\"21a99d8\" data-element_type=\"container\">\n\t\t<div class=\"elementor-element elementor-element-da96d20 e-con-full e-flex e-con e-child\" data-id=\"da96d20\" data-element_type=\"container\">\n\t\t\t\t<div class=\"elementor-element elementor-element-4ad9874 elementor-widget elementor-widget-image\" data-id=\"4ad9874\" data-element_type=\"widget\" data-widget_type=\"image.default\">\n\t\t\t\t\t\t\t\t\t\t\t\t\t\t\t<img decoding=\"async\" width=\"576\" height=\"1024\" src=\"https:\/\/atelier-maya.org\/wp-content\/uploads\/2025\/07\/20210909_142109-1-576x1024.jpg\" class=\"attachment-large size-large wp-image-156\" alt=\"\" srcset=\"https:\/\/atelier-maya.org\/wp-content\/uploads\/2025\/07\/20210909_142109-1-576x1024.jpg 576w, https:\/\/atelier-maya.org\/wp-content\/uploads\/2025\/07\/20210909_142109-1-169x300.jpg 169w, https:\/\/atelier-maya.org\/wp-content\/uploads\/2025\/07\/20210909_142109-1-scaled.jpg 1440w\" sizes=\"(max-width: 576px) 100vw, 576px\" \/>\t\t\t\t\t\t\t\t\t\t\t\t\t\t\t<\/div>\n\t\t\t\t<\/div>\n\t\t<div class=\"elementor-element elementor-element-09e859e e-con-full e-flex e-con e-child\" data-id=\"09e859e\" data-element_type=\"container\">\n\t\t\t\t<div class=\"elementor-element elementor-element-b702b1a elementor-widget elementor-widget-image\" data-id=\"b702b1a\" data-element_type=\"widget\" data-widget_type=\"image.default\">\n\t\t\t\t\t\t\t\t\t\t\t\t\t\t\t<img decoding=\"async\" width=\"576\" height=\"1024\" src=\"https:\/\/atelier-maya.org\/wp-content\/uploads\/2025\/07\/20210909_142458-1-576x1024.jpg\" class=\"attachment-large size-large wp-image-150\" alt=\"\" srcset=\"https:\/\/atelier-maya.org\/wp-content\/uploads\/2025\/07\/20210909_142458-1-576x1024.jpg 576w, https:\/\/atelier-maya.org\/wp-content\/uploads\/2025\/07\/20210909_142458-1-169x300.jpg 169w, https:\/\/atelier-maya.org\/wp-content\/uploads\/2025\/07\/20210909_142458-1-scaled.jpg 1440w\" sizes=\"(max-width: 576px) 100vw, 576px\" \/>\t\t\t\t\t\t\t\t\t\t\t\t\t\t\t<\/div>\n\t\t\t\t<\/div>\n\t\t\t\t<\/div>\n\t\t<div class=\"elementor-element elementor-element-8b7bbee e-con-full e-flex e-con e-parent\" data-id=\"8b7bbee\" data-element_type=\"container\">\n\t\t<div class=\"elementor-element elementor-element-a952141 e-con-full e-flex e-con e-child\" data-id=\"a952141\" data-element_type=\"container\">\n\t\t\t\t<\/div>\n\t\t<div class=\"elementor-element elementor-element-1edf807 e-con-full e-flex e-con e-child\" data-id=\"1edf807\" data-element_type=\"container\">\n\t\t\t\t<div class=\"elementor-element elementor-element-3ab85ca elementor-widget elementor-widget-image\" data-id=\"3ab85ca\" data-element_type=\"widget\" data-widget_type=\"image.default\">\n\t\t\t\t\t\t\t\t\t\t\t\t\t\t\t<img loading=\"lazy\" decoding=\"async\" width=\"800\" height=\"450\" src=\"https:\/\/atelier-maya.org\/wp-content\/uploads\/2025\/07\/20210909_172721-2048x1152-1-1024x576.jpg\" class=\"attachment-large size-large wp-image-153\" alt=\"\" srcset=\"https:\/\/atelier-maya.org\/wp-content\/uploads\/2025\/07\/20210909_172721-2048x1152-1-1024x576.jpg 1024w, https:\/\/atelier-maya.org\/wp-content\/uploads\/2025\/07\/20210909_172721-2048x1152-1-300x169.jpg 300w, https:\/\/atelier-maya.org\/wp-content\/uploads\/2025\/07\/20210909_172721-2048x1152-1-768x432.jpg 768w, https:\/\/atelier-maya.org\/wp-content\/uploads\/2025\/07\/20210909_172721-2048x1152-1-1536x864.jpg 1536w, https:\/\/atelier-maya.org\/wp-content\/uploads\/2025\/07\/20210909_172721-2048x1152-1.jpg 2048w\" sizes=\"(max-width: 800px) 100vw, 800px\" \/>\t\t\t\t\t\t\t\t\t\t\t\t\t\t\t<\/div>\n\t\t\t\t<div class=\"elementor-element elementor-element-f5ec7f4 elementor-widget elementor-widget-image\" data-id=\"f5ec7f4\" data-element_type=\"widget\" data-widget_type=\"image.default\">\n\t\t\t\t\t\t\t\t\t\t\t\t\t\t\t<img loading=\"lazy\" decoding=\"async\" width=\"800\" height=\"450\" src=\"https:\/\/atelier-maya.org\/wp-content\/uploads\/2025\/07\/20210909_142408-1024x576.jpg\" class=\"attachment-large size-large wp-image-151\" alt=\"\" srcset=\"https:\/\/atelier-maya.org\/wp-content\/uploads\/2025\/07\/20210909_142408-1024x576.jpg 1024w, https:\/\/atelier-maya.org\/wp-content\/uploads\/2025\/07\/20210909_142408-300x169.jpg 300w, https:\/\/atelier-maya.org\/wp-content\/uploads\/2025\/07\/20210909_142408-768x432.jpg 768w, https:\/\/atelier-maya.org\/wp-content\/uploads\/2025\/07\/20210909_142408-1536x864.jpg 1536w, https:\/\/atelier-maya.org\/wp-content\/uploads\/2025\/07\/20210909_142408-2048x1152.jpg 2048w\" sizes=\"(max-width: 800px) 100vw, 800px\" \/>\t\t\t\t\t\t\t\t\t\t\t\t\t\t\t<\/div>\n\t\t\t\t<\/div>\n\t\t<div class=\"elementor-element elementor-element-ff1a9c9 e-con-full e-flex e-con e-child\" data-id=\"ff1a9c9\" data-element_type=\"container\">\n\t\t\t\t<\/div>\n\t\t\t\t<\/div>\n\t\t<div class=\"elementor-element elementor-element-95db235 e-con-full e-flex e-con e-parent\" data-id=\"95db235\" data-element_type=\"container\">\n\t\t<div class=\"elementor-element elementor-element-000bc1c e-con-full e-flex e-con e-child\" data-id=\"000bc1c\" data-element_type=\"container\">\n\t\t\t\t<div class=\"elementor-element elementor-element-fd82aa8 elementor-widget elementor-widget-image\" data-id=\"fd82aa8\" data-element_type=\"widget\" data-widget_type=\"image.default\">\n\t\t\t\t\t\t\t\t\t\t\t\t\t\t\t<img loading=\"lazy\" decoding=\"async\" width=\"800\" height=\"450\" src=\"https:\/\/atelier-maya.org\/wp-content\/uploads\/2025\/07\/20220421_193318-1-2048x1152-1-1024x576.jpg\" class=\"attachment-large size-large wp-image-154\" alt=\"\" srcset=\"https:\/\/atelier-maya.org\/wp-content\/uploads\/2025\/07\/20220421_193318-1-2048x1152-1-1024x576.jpg 1024w, https:\/\/atelier-maya.org\/wp-content\/uploads\/2025\/07\/20220421_193318-1-2048x1152-1-300x169.jpg 300w, https:\/\/atelier-maya.org\/wp-content\/uploads\/2025\/07\/20220421_193318-1-2048x1152-1-768x432.jpg 768w, https:\/\/atelier-maya.org\/wp-content\/uploads\/2025\/07\/20220421_193318-1-2048x1152-1-1536x864.jpg 1536w, https:\/\/atelier-maya.org\/wp-content\/uploads\/2025\/07\/20220421_193318-1-2048x1152-1.jpg 2048w\" sizes=\"(max-width: 800px) 100vw, 800px\" \/>\t\t\t\t\t\t\t\t\t\t\t\t\t\t\t<\/div>\n\t\t\t\t<\/div>\n\t\t<div class=\"elementor-element elementor-element-08fcd4b e-con-full e-flex e-con e-child\" data-id=\"08fcd4b\" data-element_type=\"container\">\n\t\t\t\t<div class=\"elementor-element elementor-element-336e9de elementor-widget elementor-widget-image\" data-id=\"336e9de\" data-element_type=\"widget\" data-widget_type=\"image.default\">\n\t\t\t\t\t\t\t\t\t\t\t\t\t\t\t<img loading=\"lazy\" decoding=\"async\" width=\"800\" height=\"450\" src=\"https:\/\/atelier-maya.org\/wp-content\/uploads\/2025\/07\/20220421_193409-1-2048x1152-1-1024x576.jpg\" class=\"attachment-large size-large wp-image-155\" alt=\"\" srcset=\"https:\/\/atelier-maya.org\/wp-content\/uploads\/2025\/07\/20220421_193409-1-2048x1152-1-1024x576.jpg 1024w, https:\/\/atelier-maya.org\/wp-content\/uploads\/2025\/07\/20220421_193409-1-2048x1152-1-300x169.jpg 300w, https:\/\/atelier-maya.org\/wp-content\/uploads\/2025\/07\/20220421_193409-1-2048x1152-1-768x432.jpg 768w, https:\/\/atelier-maya.org\/wp-content\/uploads\/2025\/07\/20220421_193409-1-2048x1152-1-1536x864.jpg 1536w, https:\/\/atelier-maya.org\/wp-content\/uploads\/2025\/07\/20220421_193409-1-2048x1152-1.jpg 2048w\" sizes=\"(max-width: 800px) 100vw, 800px\" \/>\t\t\t\t\t\t\t\t\t\t\t\t\t\t\t<\/div>\n\t\t\t\t<\/div>\n\t\t\t\t<\/div>\n\t\t<div class=\"elementor-element elementor-element-d2fe5c4 e-flex e-con-boxed e-con e-parent\" data-id=\"d2fe5c4\" data-element_type=\"container\">\n\t\t\t\t\t<div class=\"e-con-inner\">\n\t\t\t\t\t<\/div>\n\t\t\t\t<\/div>\n\t\t<div class=\"elementor-element elementor-element-636dc4a3 e-con-full e-flex e-con e-parent\" data-id=\"636dc4a3\" data-element_type=\"container\">\n\t\t<div class=\"elementor-element elementor-element-b562094 e-con-full e-flex e-con e-child\" data-id=\"b562094\" data-element_type=\"container\">\n\t\t\t\t<div class=\"elementor-element elementor-element-728ec87c elementor-widget elementor-widget-heading\" data-id=\"728ec87c\" data-element_type=\"widget\" data-widget_type=\"heading.default\">\n\t\t\t\t\t<h2 class=\"elementor-heading-title elementor-size-default\">Addresse atelier  et contact <\/h2>\t\t\t\t<\/div>\n\t\t\t\t<\/div>\n\t\t<div class=\"elementor-element elementor-element-f085e88 e-con-full e-flex e-con e-child\" data-id=\"f085e88\" data-element_type=\"container\">\n\t\t\t\t<div class=\"elementor-element elementor-element-7b394c32 elementor-widget elementor-widget-heading\" data-id=\"7b394c32\" data-element_type=\"widget\" data-widget_type=\"heading.default\">\n\t\t\t\t\t<h2 class=\"elementor-heading-title elementor-size-default\">Pages l\u00e9gales <\/h2>\t\t\t\t<\/div>\n\t\t\t\t<\/div>\n\t\t\t\t<\/div>\n\t\t\t\t<\/div>\n\t\t","protected":false},"excerpt":{"rendered":"<p>Accueil les stages Mon parcours ma collection Les rondes Les courbes Les vagues le v\u00e9g\u00e9tal X Collection &#8220;Vague \u00e0 l&#8217;\u00e2me&#8221; Addresse atelier et contact Pages l\u00e9gales<\/p>\n","protected":false},"author":1,"featured_media":0,"parent":39,"menu_order":0,"comment_status":"closed","ping_status":"closed","template":"elementor_canvas","meta":{"footnotes":""},"class_list":["post-45","page","type-page","status-publish","hentry"],"_links":{"self":[{"href":"https:\/\/atelier-maya.org\/index.php?rest_route=\/wp\/v2\/pages\/45","targetHints":{"allow":["GET"]}}],"collection":[{"href":"https:\/\/atelier-maya.org\/index.php?rest_route=\/wp\/v2\/pages"}],"about":[{"href":"https:\/\/atelier-maya.org\/index.php?rest_route=\/wp\/v2\/types\/page"}],"author":[{"embeddable":true,"href":"https:\/\/atelier-maya.org\/index.php?rest_route=\/wp\/v2\/users\/1"}],"replies":[{"embeddable":true,"href":"https:\/\/atelier-maya.org\/index.php?rest_route=%2Fwp%2Fv2%2Fcomments&post=45"}],"version-history":[{"count":16,"href":"https:\/\/atelier-maya.org\/index.php?rest_route=\/wp\/v2\/pages\/45\/revisions"}],"predecessor-version":[{"id":165,"href":"https:\/\/atelier-maya.org\/index.php?rest_route=\/wp\/v2\/pages\/45\/revisions\/165"}],"up":[{"embeddable":true,"href":"https:\/\/atelier-maya.org\/index.php?rest_route=\/wp\/v2\/pages\/39"}],"wp:attachment":[{"href":"https:\/\/atelier-maya.org\/index.php?rest_route=%2Fwp%2Fv2%2Fmedia&parent=45"}],"curies":[{"name":"wp","href":"https:\/\/api.w.org\/{rel}","templated":true}]}}